
{"id":476,"date":"2021-04-01T13:29:57","date_gmt":"2021-04-01T11:29:57","guid":{"rendered":"https:\/\/przedszkole52.edu.wroclaw.pl\/?page_id=476"},"modified":"2026-01-29T16:09:53","modified_gmt":"2026-01-29T15:09:53","slug":"dokumenty-do-pobrania","status":"publish","type":"page","link":"https:\/\/przedszkole52.edu.wroclaw.pl\/index.php\/dokumenty-do-pobrania\/","title":{"rendered":"Dokumenty do pobrania"},"content":{"rendered":"<div class=\"wpb-content-wrapper\">[vc_row][vc_column][vc_column_text css=&#8221;&#8221;]\r\n<div class=\"wp-block-file\"><a href=\"https:\/\/przedszkole52.edu.wroclaw.pl\/wp-content\/uploads\/sites\/49\/2025\/11\/wydruk-3.pdf\">Raport dost\u0119pno\u015bci<\/a><a class=\"wp-block-file__button\" href=\"https:\/\/przedszkole52.edu.wroclaw.pl\/wp-content\/uploads\/sites\/49\/2021\/04\/Raport-dostepnosci-architektonicznej-i-cyfrowej.pdf\">Pobierz<\/a><\/div>\r\n<a href=\"https:\/\/przedszkole52.edu.wroclaw.pl\/wp-content\/uploads\/sites\/49\/2025\/09\/statut-przedszkola-sierpien-2025-1.pdf\">statut przedszkola sierpien 2025<\/a>\r\n<a href=\"https:\/\/przedszkole52.edu.wroclaw.pl\/wp-content\/uploads\/sites\/49\/2024\/08\/P52-Standardy_Ochrony_Maloletnich.pdf\">Standardy_Ochrony_Ma\u0142oletnich<\/a>\r\n\r\n<a href=\"https:\/\/przedszkole52.edu.wroclaw.pl\/wp-content\/uploads\/sites\/49\/2021\/09\/UPOWAZNIENIE-DO-ODBIERANIA-DZIECKA-P52.doc\">UPOWA\u017bNIENIE DO ODBIERANIA DZIECKA P52<\/a>\r\n\r\n<a href=\"https:\/\/przedszkole52.edu.wroclaw.pl\/wp-content\/uploads\/sites\/49\/2021\/09\/wniosek_o-utworzenie_konta_ucznia.2020.09.18.pdf\">wniosek_o utworzenie_konta_ucznia<\/a>\r\n\r\n<a href=\"https:\/\/przedszkole52.edu.wroclaw.pl\/wp-content\/uploads\/sites\/49\/2021\/12\/Karta-do-odbioru-dziecka-z-przedszkola.pdf\">Karta do odbioru dziecka z przedszkola<\/a>\r\n\r\n<a href=\"https:\/\/przedszkole52.edu.wroclaw.pl\/wp-content\/uploads\/sites\/49\/2021\/12\/Klauzula-interesu-publicznego-przeciwdzialanie-chorobom-zakaznym.pdf\">Klauzula interesu publicznego &#8211; przeciwdzia\u0142anie chorobom zaka\u017anym<\/a>\r\n\r\n<a href=\"https:\/\/przedszkole52.edu.wroclaw.pl\/wp-content\/uploads\/sites\/49\/2021\/12\/Zgoda-na-udzial-w-lekcjach-religii.pdf\">Zgoda na udzia\u0142 w lekcjach religii<\/a>\r\n\r\n<a href=\"https:\/\/przedszkole52.edu.wroclaw.pl\/wp-content\/uploads\/sites\/49\/2022\/04\/procedura-przebywania-na-swiezym-powietrzu-05.04.2022.pdf\">procedura przebywania na \u015bwie\u017cym powietrzu<\/a>\r\n\r\n<a href=\"https:\/\/przedszkole52.edu.wroclaw.pl\/wp-content\/uploads\/sites\/49\/2022\/04\/procedura-bezpieczenstwa-Przedszkola-Nr-52-05.04.2022pdf.pdf\">procedura bezpiecze\u0144stwa Przedszkola Nr 52 <\/a>\r\n\r\n<a href=\"https:\/\/przedszkole52.edu.wroclaw.pl\/wp-content\/uploads\/sites\/49\/2022\/04\/Procedura-przyprowadzania-i-odbierania-dziecka-z-przedszkola-05.04.2022.pdf\">Procedura przyprowadzania i odbierania dziecka z przedszkola<\/a>\r\n\r\n<a href=\"https:\/\/przedszkole52.edu.wroclaw.pl\/wp-content\/uploads\/sites\/49\/2022\/03\/upowaznienie-odbioru-dzieci-po-ukrainsku.docx\">upowa\u017cnienie odbioru dzieci po ukrai\u0144sku<\/a>\r\n\r\n<a href=\"https:\/\/przedszkole52.edu.wroclaw.pl\/wp-content\/uploads\/sites\/49\/2022\/05\/zgoda-na-wycieczke-w-jezyku-polskim-i-ukrainskim.pdf\">zgoda na wycieczk\u0119 w j\u0119zyku polskim i ukrai\u0144skim<\/a>\r\n\r\n<a href=\"https:\/\/przedszkole52.edu.wroclaw.pl\/wp-content\/uploads\/sites\/49\/2024\/05\/deklaracja-wakacyjna-2024.pdf\">deklaracja wakacyjna 2025<\/a>\r\n\r\n<a href=\"https:\/\/przedszkole52.edu.wroclaw.pl\/wp-content\/uploads\/sites\/49\/2025\/02\/Rejestr-umow-2025.pdf\">Rejestr um\u00f3w 2025<\/a>\r\n\r\n<!-- \/wp:post-content --> <a href=\"https:\/\/przedszkole52.edu.wroclaw.pl\/wp-content\/uploads\/sites\/49\/2025\/09\/Procedura-zwalniania-RodzicAlw-z-kosztAlw-dodatkowych-zajA\u2122A\u2021-opiekuL\u201eczych-prowadzonych-przez-miasto-w-Przedszkolu-Nr-52-2025-26.doc\">Procedura zwalniania Rodzic\u0102\u0142w z koszt\u0102\u0142w dodatkowych zaj\u00c4\u2122\u00c4\u2021 opieku\u0139\u201eczych prowadzonych przez miasto w Przedszkolu Nr 52 2025-26<\/a>\r\n\r\n<a href=\"https:\/\/przedszkole52.edu.wroclaw.pl\/wp-content\/uploads\/sites\/49\/2025\/09\/podanie-o-zwolnienie-dla-rodzica-01.09.2025.doc\">podanie o zwolnienie dla rodzica 01.09.2025<\/a>\r\n\r\n<a href=\"https:\/\/przedszkole52.edu.wroclaw.pl\/wp-content\/uploads\/sites\/49\/2025\/10\/Zal.-7n.-Klauzula-edukacja-dziecka-w-placowce.pdf\">klauzula edukacja <\/a>\r\n\r\n<a href=\"https:\/\/przedszkole52.edu.wroclaw.pl\/wp-content\/uploads\/sites\/49\/2025\/10\/Zal.-7o.-Klauzula-ewidencja-wejsc-i-wyjsc.pdf\"> Klauzula &#8211; ewidencja wej\u015b\u0107 i wyj\u015b\u0107<\/a><a href=\"https:\/\/przedszkole52.edu.wroclaw.pl\/wp-content\/uploads\/sites\/49\/2025\/10\/Zal.-7.-Klauzula-zlozenie-pisma-w-placowce.pdf\">Z<\/a>\r\n\r\n<a href=\"https:\/\/przedszkole52.edu.wroclaw.pl\/wp-content\/uploads\/sites\/49\/2025\/10\/Zal.-7.-Klauzula-zlozenie-pisma-w-placowce.pdf\"> Klauzula &#8211; z\u0142o\u017cenie pisma w plac\u00f3wce<\/a>\r\n\r\n<a href=\"https:\/\/przedszkole52.edu.wroclaw.pl\/wp-content\/uploads\/sites\/49\/2025\/10\/Zal.-7b.-Klauzula-postepowanie-administracyjne.pdf\"> Klauzula post\u0119powanie administracyjne<\/a>\r\n\r\n<a href=\"https:\/\/przedszkole52.edu.wroclaw.pl\/wp-content\/uploads\/sites\/49\/2025\/10\/Zal.-7c.-Klauzula-korespondencja-elektroniczna.pdf\"> Klauzula &#8211; korespondencja elektroniczna<\/a><a href=\"https:\/\/przedszkole52.edu.wroclaw.pl\/wp-content\/uploads\/sites\/49\/2025\/10\/Zal.-7e.-Klauzula-strona-www.pdf\">Z<\/a>\r\n\r\n<a href=\"https:\/\/przedszkole52.edu.wroclaw.pl\/wp-content\/uploads\/sites\/49\/2025\/10\/Zal.-7e.-Klauzula-strona-www.pdf\"> Klauzula &#8211; strona www<\/a>\r\n\r\n<a href=\"https:\/\/przedszkole52.edu.wroclaw.pl\/wp-content\/uploads\/sites\/49\/2025\/10\/Zal.-7g.-Klauzula-zamowienia-publiczne.pdf\">Klauzula &#8211; zam\u00f3wienia publiczne<\/a>\r\n\r\n<a href=\"https:\/\/przedszkole52.edu.wroclaw.pl\/wp-content\/uploads\/sites\/49\/2025\/10\/Zal.-7p.-Klauzula-opiekun-wycieczki.pdf\"> Klauzula &#8211; opiekun wycieczki<\/a>\r\n\r\n<a href=\"https:\/\/przedszkole52.edu.wroclaw.pl\/wp-content\/uploads\/sites\/49\/2025\/10\/Zal.-7r.-Klauzula-przyjecie-dziecka-w-ramach-dyzuru-wakacyjnego.pdf\">Klauzula &#8211; przyj\u0119cie dziecka w ramach dy\u017curu wakacyjnego<\/a>\r\n\r\n<a href=\"https:\/\/przedszkole52.edu.wroclaw.pl\/wp-content\/uploads\/sites\/49\/2025\/10\/Zal.-7x.-Klauzula-dla-osob-upowaznionych-do-odbioru-dziecka-z-przedszkola.pdf\">Klauzula &#8211; dla os\u00f3b upowa\u017cnionych do odbioru dziecka z przedszkola<\/a>\r\n\r\n<a href=\"https:\/\/przedszkole52.edu.wroclaw.pl\/wp-content\/uploads\/sites\/49\/2025\/12\/Procedura_BYOD_Przedszkole52.pdf\">Procedura_BYOD_Przedszkole52<\/a>\r\n\r\n<a href=\"https:\/\/przedszkole52.edu.wroclaw.pl\/wp-content\/uploads\/sites\/49\/2026\/01\/Zalacznik-nr-1-do-umowy-JPR-052.pdf\">Za\u0142\u0105cznik KSeF dla JPR-052<\/a>[\/vc_column_text][\/vc_column][\/vc_row]<!-- \/wp:freeform --><\/div>","protected":false},"excerpt":{"rendered":"<p>[vc_row][vc_column][vc_column_text css=&#8221;&#8221;] Raport dost\u0119pno\u015bciPobierz statut przedszkola sierpien 2025 Standardy_Ochrony_Ma\u0142oletnich UPOWA\u017bNIENIE DO ODBIERANIA DZIECKA P52 wniosek_o utworzenie_konta_ucznia Karta do odbioru dziecka z przedszkola Klauzula interesu publicznego &#8211; przeciwdzia\u0142anie chorobom zaka\u017anym Zgoda [&hellip;]<\/p>\n","protected":false},"author":161,"featured_media":0,"parent":0,"menu_order":3,"comment_status":"closed","ping_status":"closed","template":"","meta":{"ngg_post_thumbnail":0,"footnotes":""},"class_list":["post-476","page","type-page","status-publish","hentry","clearfix"],"_links":{"self":[{"href":"https:\/\/przedszkole52.edu.wroclaw.pl\/index.php\/wp-json\/wp\/v2\/pages\/476","targetHints":{"allow":["GET"]}}],"collection":[{"href":"https:\/\/przedszkole52.edu.wroclaw.pl\/index.php\/wp-json\/wp\/v2\/pages"}],"about":[{"href":"https:\/\/przedszkole52.edu.wroclaw.pl\/index.php\/wp-json\/wp\/v2\/types\/page"}],"author":[{"embeddable":true,"href":"https:\/\/przedszkole52.edu.wroclaw.pl\/index.php\/wp-json\/wp\/v2\/users\/161"}],"replies":[{"embeddable":true,"href":"https:\/\/przedszkole52.edu.wroclaw.pl\/index.php\/wp-json\/wp\/v2\/comments?post=476"}],"version-history":[{"count":54,"href":"https:\/\/przedszkole52.edu.wroclaw.pl\/index.php\/wp-json\/wp\/v2\/pages\/476\/revisions"}],"predecessor-version":[{"id":3998,"href":"https:\/\/przedszkole52.edu.wroclaw.pl\/index.php\/wp-json\/wp\/v2\/pages\/476\/revisions\/3998"}],"wp:attachment":[{"href":"https:\/\/przedszkole52.edu.wroclaw.pl\/index.php\/wp-json\/wp\/v2\/media?parent=476"}],"curies":[{"name":"wp","href":"https:\/\/api.w.org\/{rel}","templated":true}]}}